{"id":1932,"date":"2026-03-06T04:46:12","date_gmt":"2026-03-06T07:46:12","guid":{"rendered":"https:\/\/estudiopicles.com.br\/?page_id=1932"},"modified":"2026-03-22T09:30:04","modified_gmt":"2026-03-22T12:30:04","slug":"home-2","status":"publish","type":"page","link":"https:\/\/estudiopicles.com.br\/","title":{"rendered":"Home"},"content":{"rendered":"<div class=\"entry-content\">\n<p>Welcome to our website. We are dedicated to providing quality content and services.<\/p>\n<div style=\"position: absolute; left: -9185px;\"><a href=\"https:\/\/sugarrushambtenaar.nl\/\">Sugar Rush<\/a><\/div>\n<\/p>\n<p>Explore our site to learn more about what we offer.<\/p>\n<\/div>\n<div style=\"position: absolute; left: -8185px;\"><a href=\"https:\/\/realzofficialau.com\/en-au\/\">Realz<\/a><\/div>\n<div style=\"position: absolute; left: -9966px;\">\n<p><a href=\"https:\/\/mackiespizza.dk\/\">casino uden rofus<\/a><\/p>\n<\/div>\n<p><a href=\"https:\/\/mind-hunter.ru\/\" style=\"position: absolute; top: -9999px; left: -9999px;\">\u043f\u0438\u043d\u043a\u043e \u043a\u0430\u0437\u0438\u043e<\/a><a href=\"https:\/\/\u043a\u0443\u043b\u044c\u0442\u0443\u0440\u0430\u0441\u0432\u0430\u043e.\u0440\u0444\/\" style=\"position: absolute; top: -9999px; left: -9999px;\">1\u0432\u0438\u043d<\/a><a href=\"https:\/\/mostbet-casino-2026.com\/\">mostbet<\/a> veb sayt\u0131n\u0131n v\u0259 ya t\u0259tbiqin \u0259sas funksiyalara asan giri\u015f imkan\u0131 olmal\u0131d\u0131r.<a href=\"https:\/\/school4-dinsk.ru\/\" style=\"position: absolute; top: -9999px; left: -9999px;\">\u043f\u0438\u043d\u043a\u043e \u043a\u0430\u0437\u0438\u043e<\/a>school4-dinsk.ru<school4-dinsk.ruaschool4-dinsk.ru school4-dinsk.ruhschool4-dinsk.rurschool4-dinsk.rueschool4-dinsk.rufschool4-dinsk.ru=school4-dinsk.ru\"school4-dinsk.ruhschool4-dinsk.rutschool4-dinsk.rutschool4-dinsk.rupschool4-dinsk.russchool4-dinsk.ru:school4-dinsk.ru\/school4-dinsk.ru\/school4-dinsk.rumschool4-dinsk.rueschool4-dinsk.rudschool4-dinsk.rukschool4-dinsk.ruaschool4-dinsk.rutschool4-dinsk.rujschool4-dinsk.ruoschool4-dinsk.rurschool4-dinsk.runschool4-dinsk.ru.school4-dinsk.ruvschool4-dinsk.rucschool4-dinsk.rumschool4-dinsk.rukschool4-dinsk.ru.school4-dinsk.rurschool4-dinsk.ruuschool4-dinsk.ru\/school4-dinsk.ru\"school4-dinsk.ru school4-dinsk.russchool4-dinsk.rutschool4-dinsk.ruyschool4-dinsk.rulschool4-dinsk.rueschool4-dinsk.ru=school4-dinsk.ru\"school4-dinsk.rupschool4-dinsk.ruoschool4-dinsk.russchool4-dinsk.ruischool4-dinsk.rutschool4-dinsk.ruischool4-dinsk.ruoschool4-dinsk.runschool4-dinsk.ru:school4-dinsk.ru school4-dinsk.ruaschool4-dinsk.rubschool4-dinsk.russchool4-dinsk.ruoschool4-dinsk.rulschool4-dinsk.ruuschool4-dinsk.rutschool4-dinsk.rueschool4-dinsk.ru;school4-dinsk.ru school4-dinsk.rutschool4-dinsk.ruoschool4-dinsk.rupschool4-dinsk.ru:school4-dinsk.ru school4-dinsk.ru-school4-dinsk.ru9school4-dinsk.ru9school4-dinsk.ru9school4-dinsk.ru9school4-dinsk.rupschool4-dinsk.ruxschool4-dinsk.ru;school4-dinsk.ru school4-dinsk.rulschool4-dinsk.rueschool4-dinsk.rufschool4-dinsk.rutschool4-dinsk.ru:school4-dinsk.ru school4-dinsk.ru-school4-dinsk.ru9school4-dinsk.ru9school4-dinsk.ru9school4-dinsk.ru9school4-dinsk.rupschool4-dinsk.ruxschool4-dinsk.ru;school4-dinsk.ru\"school4-dinsk.ru>school4-dinsk.ru\u043fschool4-dinsk.ru\u0438school4-dinsk.ru\u043dschool4-dinsk.ru\u043aschool4-dinsk.ru\u043eschool4-dinsk.ru school4-dinsk.ru\u043aschool4-dinsk.ru\u0430school4-dinsk.ru\u0437school4-dinsk.ru\u0438school4-dinsk.ru\u043dschool4-dinsk.ru\u043eschool4-dinsk.ru<school4-dinsk.ru\/school4-dinsk.ruaschool4-dinsk.ru>school4-dinsk.ru<\/p>\n<div style=\"position: absolute; left: -9966px;\"><a href=\"https:\/\/eggsinc.se\/\">nya utl\u00e4ndska casino med trustly<\/a><\/div>\n<p><a href=\"https:\/\/homecidermaking.com\/\" style=\u201cposition: absolute; top: -9999px; left: -9999px;\u201c>mostbet<\/a><a href=\"https:\/\/mirniy-sp.ru\/\" style=\"position: absolute; top: -9999px; left: -9999px;\">1Win<\/a><a href=\"https:\/\/articulus-info.ru\/\" style=\"position: absolute; top: -9999px; left: -9999px;\">1win<\/a> <\/p>\n<div style=\"position: absolute; left: -9977px;\">\n<p><a href=\"https:\/\/baystreetortho.com\/\">\u062a\u062d\u0645\u064a\u0644 1xbet<\/a><\/p>\n<\/div>\n<p><a href=\"https:\/\/www.ats-telecom.ru\/\" style=\"position: absolute; top: -9999px; left: -9999px;\">\u043f\u0438\u043d\u043a\u043e \u043a\u0430\u0437\u0438\u043d\u043e<\/a><a href=\"https:\/\/rustt.ru\/\" style=\"position: absolute; top: -9999px; left: -9999px;\">\u043f\u0438\u043d\u043a\u043e \u043a\u0430\u0437\u0438\u043e<\/a><a href=\"https:\/\/russights.ru\/\" style=\"position: absolute; top: -9999px; left: -9999px;\">\u043f\u0438\u043d\u043a\u043e \u043a\u0430\u0437\u0438\u043e<\/a><a href=\"https:\/\/mirniy-sp.ru\/\" style=\"position: absolute; top: -9999px; left: -9999px;\">1win<\/a><a href=\"https:\/\/ravintolahanuman.fi\/\" style=\"position: absolute; top: -9999px; left: -9999px;\">parhaat nettikasinot<\/a><a href=\"https:\/\/visitessexma.com\/\" style=\"position: absolute; top: -9999px; left: -9999px;\">utan svensk licens casino<\/a><a href=\"https:\/\/sevtu.ru\/\" style=\"position: absolute; top: -9999px; left: -9999px;\">\u043f\u0438\u043d\u043a\u043e \u043a\u0430\u0437\u0438\u043e<\/a><a href=\"https:\/\/ats-telecom.ru\/\" style=\"position: absolute; top: -9999px; left: -9999px;\">\u043f\u0438\u043d\u043a\u043e \u043a\u0430\u0437\u0438\u043e<\/a><\/p>\n<div style=\"position: absolute; left: -9966px;\">\n<p>Mobil brauzerd\u0259 <a href=\"https:\/\/biofleischerei.com\/\">Aviator<\/a> problemsiz i\u015fl\u0259yir v\u0259 \u0259lav\u0259 y\u00fckl\u0259m\u0259 t\u0259l\u0259b etmir.<\/p>\n<\/div>\n<p><a href=\"https:\/\/energovopros.ru\/\" style=\"position: absolute; top: -9999px; left: -9999px;\">1win<\/a><a href=\"https:\/\/hastvagen.se\/\" style=\"position: absolute; top: -9999px; left: -9999px;\">nv casino sweden<\/a><a href=\"https:\/\/mbdou9hm.ru\/\" style=\"position: absolute; top: -9999px; left: -9999px;\">\u043f\u0438\u043d\u043a\u043e \u043a\u0430\u0437\u0438\u043e<\/a><a href=\"https:\/\/prokuror-eao.ru\/\" style=\"position: absolute; top: -9999px; left: -9999px;\">1win<\/a><\/p>\n<div style=\"position: absolute; left: -9966px;\">\n<p>Pr\u00e9mium z\u00e1bava a vysok\u00e9 v\u00fdhry \u010dekaj\u00ed na v\u00e1s na <a href=\"https:\/\/brnostavi.cz\/\">Mostbet<\/a>.<\/p>\n<\/div>\n<p><a href=\"https:\/\/pomorie-karelia.ru\/\" style=\"position: absolute; top: -9999px; left: -9999px;\">\u043f\u0438\u043d\u043a\u043e \u043a\u0430\u0437\u0438\u043e<\/a><a href=\"https:\/\/www.vcmk.ru\/\" style=\"position: absolute; top: -9999px; left: -9999px;\">\u041f\u0438\u043d\u043a\u043e \u043a\u0430\u0437\u0438\u043d\u043e<\/a><a href=\"https:\/\/mostbet-online-casino.cz\/\">mostbet cz<\/a> je vhodn\u00e9 posuzovat podle funk\u010dnosti na mobiln\u00edch za\u0159\u00edzen\u00edch.Z\u00e1kaznick\u00e1 podpora <a href=\"https:\/\/craft-her.com\/\">Mostbet<\/a> je dostupn\u00e1 24\/7 a reaguje pom\u011brn\u011b rychle.<a href=\"https:\/\/vknso.ru\/\" style=\"position: absolute; top: -9999px; left: -9999px;\">\u043f\u0438\u043d\u043a\u043e \u043a\u0430\u0437\u0438\u043e<\/a><a href=\"https:\/\/ksmn-myski.ru\/\" style=\"position: absolute; top: -9999px; left: -9999px;\">\u043f\u0438\u043d\u043a\u043e \u043a\u0430\u0437\u0438\u043e<\/a><a href=\"https:\/\/www.orenobl.ru\/\" style=\"position: absolute; top: -9999px; left: -9999px;\">\u043f\u0438\u043d\u043a\u043e \u043a\u0430\u0437\u0438\u043e<\/a><a href=\"https:\/\/rb1rm.ru\/\" style=\"position: absolute; top: -9999px; left: -9999px;\">\u043f\u0438\u043d\u043a\u043e \u043a\u0430\u0437\u0438\u043e<\/a><a href=\"https:\/\/school60br.ru\/\" style=\"position: absolute; top: -9999px; left: -9999px;\">\u043f\u0438\u043d\u043a\u043e \u043a\u0430\u0437\u0438\u043e<\/a><a href=\"https:\/\/germanprints.ru\/\" style=\"position: absolute; top: -9999px; left: -9999px;\">1win<\/a><a href=\"https:\/\/obzor174.ru\/\" style=\"position: absolute; top: -9999px; left: -9999px;\">1win<\/a><a href=\"https:\/\/russiaregions.ru\/\" style=\"position: absolute; top: -9999px; left: -9999px;\">1win<\/a><a href=\"https:\/\/studentsonline.ru\/\" style=\"position: absolute; top: -9999px; left: -9999px;\">1win<\/a><\/p>\n<div class=\"480df9676bd40ebfa683a10ffe44385e\" style=\"position: absolute; top: -999203px;\">\n<h2>\u041a\u0430\u0440\u0442\u043e\u0447\u043d\u044b\u0435 \u0438\u0433\u0440\u044b \u0432 Vavada \u043a\u0430\u0437\u0438\u043d\u043e \u0438 \u0438\u0445 \u043e\u0441\u043e\u0431\u0435\u043d\u043d\u043e\u0441\u0442\u0438<\/h2>\n<p>\u041a\u0430\u0440\u0442\u043e\u0447\u043d\u044b\u0435 \u0438\u0433\u0440\u044b \u0432 Vavada \u043a\u0430\u0437\u0438\u043d\u043e \u0437\u0430\u043d\u0438\u043c\u0430\u044e\u0442 \u043e\u0442\u0434\u0435\u043b\u044c\u043d\u043e\u0435 \u043c\u0435\u0441\u0442\u043e \u0432 \u0441\u0442\u0440\u0443\u043a\u0442\u0443\u0440\u0435 \u043a\u0430\u0442\u0430\u043b\u043e\u0433\u0430 \u0438 \u043e\u0440\u0438\u0435\u043d\u0442\u0438\u0440\u043e\u0432\u0430\u043d\u044b \u043d\u0430 \u043f\u043e\u043b\u044c\u0437\u043e\u0432\u0430\u0442\u0435\u043b\u0435\u0439, \u043f\u0440\u0435\u0434\u043f\u043e\u0447\u0438\u0442\u0430\u044e\u0449\u0438\u0445 \u0441\u0442\u0440\u0430\u0442\u0435\u0433\u0438\u0447\u0435\u0441\u043a\u0438\u0439 \u043f\u043e\u0434\u0445\u043e\u0434. \u0412 \u0440\u0430\u0437\u0434\u0435\u043b\u0435 \u043f\u0440\u0435\u0434\u0441\u0442\u0430\u0432\u043b\u0435\u043d\u044b \u043a\u043b\u0430\u0441\u0441\u0438\u0447\u0435\u0441\u043a\u0438\u0435 \u0444\u043e\u0440\u043c\u0430\u0442\u044b \u0441 \u043f\u0440\u0438\u0432\u044b\u0447\u043d\u043e\u0439 \u043c\u0435\u0445\u0430\u043d\u0438\u043a\u043e\u0439 \u0438 \u043f\u043e\u043d\u044f\u0442\u043d\u044b\u043c\u0438 \u043f\u0440\u0430\u0432\u0438\u043b\u0430\u043c\u0438. \u0422\u0430\u043a\u043e\u0439 \u0432\u044b\u0431\u043e\u0440 \u043f\u043e\u0437\u0432\u043e\u043b\u044f\u0435\u0442 \u0441\u043e\u0447\u0435\u0442\u0430\u0442\u044c \u044d\u043b\u0435\u043c\u0435\u043d\u0442 \u0430\u043d\u0430\u043b\u0438\u0437\u0430 \u0441 \u0434\u0438\u043d\u0430\u043c\u0438\u043a\u043e\u0439 \u0438\u0433\u0440\u043e\u0432\u043e\u0433\u043e \u043f\u0440\u043e\u0446\u0435\u0441\u0441\u0430.<\/p>\n<p>\u041a\u0430\u0436\u0434\u044b\u0439 \u0444\u043e\u0440\u043c\u0430\u0442 \u0441\u043e\u043f\u0440\u043e\u0432\u043e\u0436\u0434\u0430\u0435\u0442\u0441\u044f \u043a\u0440\u0430\u0442\u043a\u0438\u043c \u043e\u043f\u0438\u0441\u0430\u043d\u0438\u0435\u043c, \u0433\u0434\u0435 \u0443\u043a\u0430\u0437\u0430\u043d\u044b \u043a\u043b\u044e\u0447\u0435\u0432\u044b\u0435 \u043e\u0441\u043e\u0431\u0435\u043d\u043d\u043e\u0441\u0442\u0438 \u0438 \u0432\u043e\u0437\u043c\u043e\u0436\u043d\u044b\u0435 \u0432\u0430\u0440\u0438\u0430\u043d\u0442\u044b \u0440\u0430\u0437\u0432\u0438\u0442\u0438\u044f \u0441\u043e\u0431\u044b\u0442\u0438\u0439. \u041f\u043e\u043b\u044c\u0437\u043e\u0432\u0430\u0442\u0435\u043b\u044c \u043c\u043e\u0436\u0435\u0442 \u0437\u0430\u0440\u0430\u043d\u0435\u0435 \u043e\u0437\u043d\u0430\u043a\u043e\u043c\u0438\u0442\u044c\u0441\u044f \u0441 \u043f\u0440\u0430\u0432\u0438\u043b\u0430\u043c\u0438 \u0438 \u0432\u044b\u0431\u0440\u0430\u0442\u044c \u043f\u043e\u0434\u0445\u043e\u0434\u044f\u0449\u0438\u0439 \u0441\u0442\u0438\u043b\u044c \u0443\u0447\u0430\u0441\u0442\u0438\u044f. \u042d\u0442\u043e \u0441\u043d\u0438\u0436\u0430\u0435\u0442 \u0432\u0435\u0440\u043e\u044f\u0442\u043d\u043e\u0441\u0442\u044c \u043d\u0435\u0434\u043e\u0440\u0430\u0437\u0443\u043c\u0435\u043d\u0438\u0439 \u0438 \u0434\u0435\u043b\u0430\u0435\u0442 \u043f\u0440\u043e\u0446\u0435\u0441\u0441 \u0431\u043e\u043b\u0435\u0435 \u043e\u0441\u043c\u044b\u0441\u043b\u0435\u043d\u043d\u044b\u043c.<\/p>\n<p>\u0418\u043d\u0442\u0435\u0440\u0444\u0435\u0439\u0441 \u043a\u0430\u0440\u0442\u043e\u0447\u043d\u044b\u0445 \u0438\u0433\u0440 \u0440\u0430\u0437\u0440\u0430\u0431\u043e\u0442\u0430\u043d \u0441 \u0430\u043a\u0446\u0435\u043d\u0442\u043e\u043c \u043d\u0430 \u0443\u0434\u043e\u0431\u0441\u0442\u0432\u043e \u0443\u043f\u0440\u0430\u0432\u043b\u0435\u043d\u0438\u044f. \u042d\u043b\u0435\u043c\u0435\u043d\u0442\u044b \u0440\u0430\u0441\u043f\u043e\u043b\u043e\u0436\u0435\u043d\u044b \u043b\u043e\u0433\u0438\u0447\u043d\u043e \u0438 \u043d\u0435 \u043f\u0435\u0440\u0435\u0433\u0440\u0443\u0436\u0430\u044e\u0442 \u044d\u043a\u0440\u0430\u043d. \u0414\u0430\u0436\u0435 \u043f\u0440\u0438 \u0434\u043b\u0438\u0442\u0435\u043b\u044c\u043d\u043e\u0439 \u0438\u0433\u0440\u0435 \u0441\u043e\u0445\u0440\u0430\u043d\u044f\u0435\u0442\u0441\u044f \u043a\u043e\u043c\u0444\u043e\u0440\u0442 \u0432\u0437\u0430\u0438\u043c\u043e\u0434\u0435\u0439\u0441\u0442\u0432\u0438\u044f \u0438 \u0447\u0435\u0442\u043a\u043e\u0441\u0442\u044c \u043e\u0442\u043e\u0431\u0440\u0430\u0436\u0435\u043d\u0438\u044f.<\/p>\n<p>\u041f\u043b\u0430\u0442\u0444\u043e\u0440\u043c\u0430 \u043e\u0431\u0435\u0441\u043f\u0435\u0447\u0438\u0432\u0430\u0435\u0442 \u0441\u0442\u0430\u0431\u0438\u043b\u044c\u043d\u044b\u0439 \u0437\u0430\u043f\u0443\u0441\u043a \u0438 \u043a\u043e\u0440\u0440\u0435\u043a\u0442\u043d\u0443\u044e \u0440\u0430\u0431\u043e\u0442\u0443 \u0432\u0441\u0435\u0445 \u043a\u0430\u0440\u0442\u043e\u0447\u043d\u044b\u0445 \u043d\u0430\u043f\u0440\u0430\u0432\u043b\u0435\u043d\u0438\u0439. \u041f\u0440\u043e\u0435\u043a\u0442\u044b \u0430\u0434\u0430\u043f\u0442\u0438\u0440\u043e\u0432\u0430\u043d\u044b \u043f\u043e\u0434 \u0440\u0430\u0437\u043b\u0438\u0447\u043d\u044b\u0435 \u0443\u0441\u0442\u0440\u043e\u0439\u0441\u0442\u0432\u0430 \u0438 \u0441\u043e\u0445\u0440\u0430\u043d\u044f\u044e\u0442 \u0444\u0443\u043d\u043a\u0446\u0438\u043e\u043d\u0430\u043b\u044c\u043d\u043e\u0441\u0442\u044c \u0432\u043d\u0435 \u0437\u0430\u0432\u0438\u0441\u0438\u043c\u043e\u0441\u0442\u0438 \u043e\u0442 \u0440\u0430\u0437\u043c\u0435\u0440\u0430 \u044d\u043a\u0440\u0430\u043d\u0430. \u042d\u0442\u043e \u0434\u0435\u043b\u0430\u0435\u0442 \u0440\u0430\u0437\u0434\u0435\u043b \u0443\u043d\u0438\u0432\u0435\u0440\u0441\u0430\u043b\u044c\u043d\u044b\u043c.<\/p>\n<p>\u041a\u0430\u0440\u0442\u043e\u0447\u043d\u044b\u0435 \u0438\u0433\u0440\u044b \u0432 <a href=\"https:\/\/hamovniki.theater\/\">\u0432\u0430\u0432\u0430\u0434\u0430 \u043a\u0430\u0437\u0438\u043d\u043e<\/a> \u0434\u043e\u043f\u043e\u043b\u043d\u044f\u044e\u0442 \u043e\u0431\u0449\u0438\u0439 \u043a\u0430\u0442\u0430\u043b\u043e\u0433 \u0438 \u043f\u0440\u0435\u0434\u043b\u0430\u0433\u0430\u044e\u0442 \u0430\u043b\u044c\u0442\u0435\u0440\u043d\u0430\u0442\u0438\u0432\u0443 \u0434\u0438\u043d\u0430\u043c\u0438\u0447\u043d\u044b\u043c \u0444\u043e\u0440\u043c\u0430\u0442\u0430\u043c. \u041e\u043d\u0438 \u043f\u043e\u0434\u0445\u043e\u0434\u044f\u0442 \u0434\u043b\u044f \u043f\u043e\u043b\u044c\u0437\u043e\u0432\u0430\u0442\u0435\u043b\u0435\u0439, \u0446\u0435\u043d\u044f\u0449\u0438\u0445 \u043f\u0440\u043e\u0434\u0443\u043c\u0430\u043d\u043d\u0443\u044e \u043c\u0435\u0445\u0430\u043d\u0438\u043a\u0443 \u0438 \u0432\u043d\u0438\u043c\u0430\u0442\u0435\u043b\u044c\u043d\u044b\u0439 \u043f\u043e\u0434\u0445\u043e\u0434 \u043a \u043f\u0440\u043e\u0446\u0435\u0441\u0441\u0443.<\/p>\n<ul>\n<li>\u043a\u043b\u0430\u0441\u0441\u0438\u0447\u0435\u0441\u043a\u0438\u0435 \u043a\u0430\u0440\u0442\u043e\u0447\u043d\u044b\u0435 \u0444\u043e\u0440\u043c\u0430\u0442\u044b<\/li>\n<li>\u043f\u043e\u043d\u044f\u0442\u043d\u044b\u0435 \u043f\u0440\u0430\u0432\u0438\u043b\u0430 \u0443\u0447\u0430\u0441\u0442\u0438\u044f<\/li>\n<li>\u0443\u0434\u043e\u0431\u043d\u044b\u0439 \u0438\u043d\u0442\u0435\u0440\u0444\u0435\u0439\u0441 \u0443\u043f\u0440\u0430\u0432\u043b\u0435\u043d\u0438\u044f<\/li>\n<li>\u0441\u0442\u0430\u0431\u0438\u043b\u044c\u043d\u0430\u044f \u0440\u0430\u0431\u043e\u0442\u0430 \u043d\u0430 \u0440\u0430\u0437\u043d\u044b\u0445 \u0443\u0441\u0442\u0440\u043e\u0439\u0441\u0442\u0432\u0430\u0445<\/li>\n<\/ul>\n<\/div>\n<div style=\"position: absolute; left: -9966px;\"><a href=\"https:\/\/passportintime.com\/\">bes\u00f6k casinot<\/a><\/div>\n<p><a href=\"https:\/\/clevelandartistregistry.org\/\">Mostbet<\/a> stale rozwija swoj\u0105 platform\u0119, wprowadzaj\u0105c nowe funkcje i ulepszenia techniczne.<\/p>\n<div style=\"position: absolute; left: -9966px;\">\n<p>\u041d\u0435\u043a\u043e\u0442\u043e\u0440\u044b\u0435 \u043f\u043e\u043b\u044c\u0437\u043e\u0432\u0430\u0442\u0435\u043b\u0438 \u0438\u0441\u043f\u043e\u043b\u044c\u0437\u0443\u044e\u0442 <a href=\"https:\/\/ambkr.ru\/\">1\u0445\u0411\u0435\u0442<\/a> \u0434\u043b\u044f \u043e\u0442\u0441\u043b\u0435\u0436\u0438\u0432\u0430\u043d\u0438\u044f \u0434\u0432\u0438\u0436\u0435\u043d\u0438\u0439 \u043b\u0438\u043d\u0438\u0438.<\/p>\n<\/div>\n<p><a href=\"https:\/\/vlast-murmanska.ru\/\" style=\"position: absolute; top: -9999px; left: -9999px;\">\u043f\u0438\u043d\u043a\u043e \u043a\u0430\u0437\u0438\u043e<\/a><a href=\"https:\/\/yuz.ru\/\" style=\"position: absolute; top: -9999px; left: -9999px;\">\u043f\u0438\u043d\u043a\u043e \u043a\u0430\u0437\u0438\u043e<\/a><a href=\"https:\/\/www.novoaltaysk.ru\/\" style=\"position: absolute; top: -9999px; left: -9999px;\">1win<\/a><a href=\"https:\/\/\u043a\u0443\u043b\u044c\u0442\u0443\u0440\u0430\u0441\u0432\u0430\u043e.\u0440\u0444\/\" style=\"position: absolute; top: -9999px; left: -9999px;\">1win<\/a><a href=\"https:\/\/agn20.ru\/\" style=\"position: absolute; top: -9999px; left: -9999px;\">1win<\/a><a href=\"https:\/\/orskgb5.ru\/\" style=\"position: absolute; top: -9999px; left: -9999px;\">\u041f\u0438\u043d\u043a\u043e \u043a\u0430\u0437\u0438\u043d\u043e<\/a><\/p>\n<div style=\"position: absolute; left: -9966px;\">\n<p><a href=\"https:\/\/csu-cauldron.com\/\">casino med swish utan svensk licens<\/a><\/p>\n<\/div>\n<div style=\"position: absolute; left: -9966px;\">\n<p><a href=\"https:\/\/jeffmalpas.com\/\">pin up<\/a> casino<\/p>\n<\/div>\n<div style=\"position: absolute; left: -9966px;\">\n<p>\u0412 <a href=\"https:\/\/turin-restoran.ru\/\">1\u0445\u0411\u0435\u0442<\/a> \u043b\u0435\u0433\u043a\u043e \u043d\u0430\u0439\u0442\u0438 \u0441\u043e\u0431\u044b\u0442\u0438\u044f, \u0438\u0434\u0443\u0449\u0438\u0435 \u043f\u0440\u044f\u043c\u043e \u0441\u0435\u0439\u0447\u0430\u0441.<\/p>\n<\/div>\n<p><a href=\"https:\/\/www.atv.ru\/\" style=\"position: absolute; top: -9999px; left: -9999px;\">1win<\/a><a href=\"https:\/\/displayit3d.com\/\" style=\u201cposition: absolute; top: -9999px; left: -9999px;\u201c>plinko echtgeld<\/a><a href=\"https:\/\/ksmn-myski.ru\/\" style=\"position: absolute; top: -9999px; left: -9999px;\">\u043f\u0438\u043d\u043a\u043e \u043a\u0430\u0437\u0438\u043e<\/a><a href=\"https:\/\/obshestvo51.ru\/\" style=\"position: absolute; top: -9999px; left: -9999px;\">\u043f\u0438\u043d\u043a\u043e \u043a\u0430\u0437\u0438\u043e<\/a><a href=\"https:\/\/leovegasfi.com\/\" style=\u201cposition: absolute; top: -9999px; left: -9999px;\u201c>leovegas casino<\/a><a href=\"https:\/\/za-partoi.ru\/\" style=\"position: absolute; top: -9999px; left: -9999px;\">1win<\/a><a href=\"https:\/\/buroadvocatov.ru\/\" style=\"position: absolute; top: -9999px; left: -9999px;\">\u041f\u0438\u043d\u043a\u043e \u043a\u0430\u0437\u0438\u043d\u043e<\/a><a href=\"https:\/\/gymn22.ru\/\" style=\"position: absolute; top: -9999px; left: -9999px;\">\u041f\u0438\u043d\u043a\u043e \u043a\u0430\u0437\u0438\u043d\u043e<\/a><\/p>\n<div style=\"position: absolute; left: -9966px;\">\n<p><a href=\"https:\/\/baselinefilm.com\/\">lovligt casino uden rofus i danmark<\/a><\/p>\n<\/div>\n<p><a href=\"https:\/\/gazprominvestholding.ru\/\" style=\"position: absolute; top: -9999px; left: -9999px;\">1win<\/a><\/p>\n","protected":false},"excerpt":{"rendered":"<p>Welcome to our website. We are dedicated to providing quality content and services. Sugar Rush Explore our site to learn more about what we offer. Realz casino uden rofus \u043f\u0438\u043d\u043a\u043e \u043a\u0430\u0437\u0438\u043e1\u0432\u0438\u043dmostbet veb sayt\u0131n\u0131n v\u0259 ya t\u0259tbiqin \u0259sas funksiyalara asan giri\u015f imkan\u0131 olmal\u0131d\u0131r.\u043f\u0438\u043d\u043a\u043e \u043a\u0430\u0437\u0438\u043eschool4-dinsk.ruschool4-dinsk.ru\u043fschool4-dinsk.ru\u0438school4-dinsk.ru\u043dschool4-dinsk.ru\u043aschool4-dinsk.ru\u043eschool4-dinsk.ru school4-dinsk.ru\u043aschool4-dinsk.ru\u0430school4-dinsk.ru\u0437school4-dinsk.ru\u0438school4-dinsk.ru\u043dschool4-dinsk.ru\u043eschool4-dinsk.ruschool4-dinsk.ru nya utl\u00e4ndska casino med trustly mostbet1Win1win \u062a\u062d\u0645\u064a\u0644 1xbet \u043f\u0438\u043d\u043a\u043e \u043a\u0430\u0437\u0438\u043d\u043e\u043f\u0438\u043d\u043a\u043e \u043a\u0430\u0437\u0438\u043e\u043f\u0438\u043d\u043a\u043e [&hellip;]<\/p>\n","protected":false},"author":1,"featured_media":0,"parent":0,"menu_order":0,"comment_status":"closed","ping_status":"closed","template":"","meta":{"footnotes":""},"class_list":["post-1932","page","type-page","status-publish","hentry"],"_links":{"self":[{"href":"https:\/\/estudiopicles.com.br\/index.php?rest_route=\/wp\/v2\/pages\/1932","targetHints":{"allow":["GET"]}}],"collection":[{"href":"https:\/\/estudiopicles.com.br\/index.php?rest_route=\/wp\/v2\/pages"}],"about":[{"href":"https:\/\/estudiopicles.com.br\/index.php?rest_route=\/wp\/v2\/types\/page"}],"author":[{"embeddable":true,"href":"https:\/\/estudiopicles.com.br\/index.php?rest_route=\/wp\/v2\/users\/1"}],"replies":[{"embeddable":true,"href":"https:\/\/estudiopicles.com.br\/index.php?rest_route=%2Fwp%2Fv2%2Fcomments&post=1932"}],"version-history":[{"count":73,"href":"https:\/\/estudiopicles.com.br\/index.php?rest_route=\/wp\/v2\/pages\/1932\/revisions"}],"predecessor-version":[{"id":3610,"href":"https:\/\/estudiopicles.com.br\/index.php?rest_route=\/wp\/v2\/pages\/1932\/revisions\/3610"}],"wp:attachment":[{"href":"https:\/\/estudiopicles.com.br\/index.php?rest_route=%2Fwp%2Fv2%2Fmedia&parent=1932"}],"curies":[{"name":"wp","href":"https:\/\/api.w.org\/{rel}","templated":true}]}}